, 5
Let f be (78/8)/((-6)/(-32)). Suppose 0 = x - f + 2. Suppose -2*r = -x - 38. What are the prime factors of r?
2, 11
Let c be 3 + -2 + (-2 - -1). Suppose c*t + 3*t = 12. List the prime factors of (-156)/(-9) + t/6.
2, 3
Let j be (-4)/(-4)*5 - 2. Suppose 2*u - j*a + 362 = 4*u, 3*u + 3*a - 537 = 0. Suppose -5*v = -5*l - u, -v + 2*l + 140 = 3*v. List the prime factors of v.
5, 7
Let i = 18 + -15. Suppose k - 1 = i. What are the prime factors of k?
2
What are the prime factors of (25338/(-8))/((-816)/64 - -12)?
41, 103
Let o(c) = 389*c + 78. List the prime factors of o(3).
3, 5, 83
Let x be (-1)/((3 - -2)/15). Let t be 28*x/(-18)*-3. Let v = t + 28. List the prime factors of v.
2, 7
Suppose -46*n + 44 = -42*n. Suppose -5*t - 168 = -n*t. What are the prime factors of t?
2, 7
Let w be ((27/(-6))/(-3) + -1)*334. Suppose 115 = 6*p - w. List the prime factors of p.
47
List the prime factors of (-123)/(-4)*(-2080)/(-60).
2, 13, 41
Suppose 0 = 5*d + 3*x - 6354, -14*d + 17*d + 3*x = 3816. What are the prime factors of d?
3, 47
Let d be (-2 + -1)/(-1 + 35/20). List the prime factors of (84/49)/(d/(-182)).
2, 3, 13
Let k be (-2)/(-1) - (-1)/((-1)/(-530)). Let g = k - 333. What are the prime factors of g?
199
Let h = 18 + -7. Let u(b) = -b**3 + 3*b**2 + 9*b - 2. Let w be u(4). Let s = w - h. List the prime factors of s.
7
Let u(w) = w**3 + 2*w**2 - w + 8. Let x be u(-3). Suppose 0 = -x*q + 510 - 104. List the prime factors of q.
7, 29
Let r = 30 - 15. Suppose -2*f + 9 = -r. List the prime factors of f.
2, 3
Suppose 2*s - 427 = -2*l + 559, -s = -4*l + 1952. Suppose 3*d - 2*p - 368 = 0, 0*p - 3*p - l = -4*d. List the prime factors of d.
2, 3, 7
Suppose 2*q - r - 3422 = 0, -3226 = 3*q - 3*r - 8362. What are the prime factors of q?
2, 3, 5, 19
Suppose -4*m + 46 = -2*g - 0*m, 2*m = -5*g - 67. Let w = -13 - g. Suppose 2*f - 82 = w*r, 0*f = -f - r + 33. List the prime factors of f.
37
Suppose -30*a + 2*a = -124880. List the prime factors of a.
2, 5, 223
Suppose 5*h + 0*h = -15, b + 2*h + 37 = 0. Let r = 54 + b. What are the prime factors of r?
23
Suppose 0 = -n - 6*n + 56. Suppose 6*i - n*i = -98. What are the prime factors of i?
7
Suppose -53*q + 72*q - 42218 = 0. What are the prime factors of q?
2, 11, 101
Let g = -519 - -996. What are the prime factors of g?
3, 53
What are the prime factors of (1594/5)/(((-126)/7)/(-90))?
2, 797
Let v(r) = r**3 - 4*r**2 - 3*r + 9. Let y be v(5). Let a = y + -9. What are the prime factors of a?
2, 5
Let b = -224 + 1451. What are the prime factors of b?
3, 409
Let p(x) = -7*x + 11. Let l = -19 + 19. Suppose l = 7*v + 28 + 14. List the prime factors of p(v).
53
Suppose -3*m - 12665 = 101*c - 106*c, m = 4*c - 10139. What are the prime factors of c?
2, 317
Let a(x) = 3*x**2 - 6*x - 9. List the prime factors of a(-6).
3, 5
Let y = 996 - 1470. List the prime factors of y/(-12)*(1 - -1).
79
Suppose 0 = 117*v + 145327 - 468481. List the prime factors of v.
2, 1381
List the prime factors of (30/5 - 5) + 298/1.
13, 23
Let i(g) = 14*g**2 - 49*g + 302. What are the prime factors of i(6)?
2
Suppose -3 = -k - 0. Let r be 1*12/k*1. Suppose -44 = -r*d + 44. List the prime factors of d.
2, 11
Let s(y) = -y**3 - 3*y**2 - 3*y + 1. Let a be s(-3). Let i be 72/a - (-1)/(-5). Suppose i*w = 4*w + 15. List the prime factors of w.
5
Let c(n) = n + 2. Let b be c(-2). Suppose 0 = 2*r - w - b*w - 47, -26 = -r - 2*w. Suppose -18 = -3*d + r. What are the prime factors of d?
2, 7
Suppose q + 20 = 5*q. Suppose 0 = -3*t + q*t - 2*m + 4, -2*t - 5 = -m. List the prime factors of 13 + 1 + (t - -2).
13
Suppose -91 = -12*x - x. Suppose 0 = -2*n - x*n + 855. List the prime factors of n.
5, 19
Let r(f) = -63*f**3 + 3*f**2 + 18*f + 6. What are the prime factors of r(-3)?
2, 3, 5, 7
Let t = -7 + 50. Let a = 17 - t. Let d = a - -50. List the prime factors of d.
2, 3
Let b = -75 + 121. List the prime factors of b.
2, 23
Let x = 204 - 140. Let m be x/16 + (1 - 1). Suppose 12 = m*o - 2*a, 0 = 4*o + 2*a - 7*a - 12. What are the prime factors of o?
3
Let z(c) = 10*c**2 - 12*c - 16. What are the prime factors of z(11)?
2, 3, 59
Let t = 31 + -55. Let v(n) = -n**3 + 7*n**2 - 6*n - 8. Let w be v(6). Let p = w - t. What are the prime factors of p?
2
Let o(k) = 13*k - 2. Let d be ((-204)/(-85))/(4/10). Let q(c) = -c**2 + 8*c - 11. Let a be q(d). What are the prime factors of o(a)?
11
Suppose 787*o - 755*o - 25088 = 0. What are the prime factors of o?
2, 7
Let q be 88/14 + 2/(-7). Suppose 3 = 7*h - q*h. Suppose -h*u + 14 + 55 = 0. What are the prime factors of u?
23
Suppose 9*q = 1089 + 5319. What are the prime factors of q?
2, 89
Suppose 2*k - k = -2. Let h = 13 + k. Suppose h*q - 8*q = 18. List the prime factors of q.
2, 3
Let n be (-2 - -2) + 2 - -28. Suppose -6*i = -i + 5*d - n, 12 = -2*i + 4*d. List the prime factors of ((-5)/i)/(4/(-8)).
5
Let m = -17 + 381. What are the prime factors of m?
2, 7, 13
Suppose n - 86 = 3*s + 37, -603 = -5*n + 3*s. Suppose -1015 = -5*p - 3*f, p + f - n = 81. List the prime factors of p.
2, 103
Let g = -409 + 3404. What are the prime factors of g?
5, 599
Let c = -619 + 673. List the prime factors of c.
2, 3
Let t(m) = -m**2 - 26*m - 8. Let u be t(-8). Let v = -54 + u. List the prime factors of v.
2, 41
Let s(k) be the second derivative of 9*k**3/2 - 3*k**2 + k. Let v be s(4). Suppose -v = -w - 2*w. List the prime factors of w.
2, 17
Suppose -14*f = 2*f - 7920. What are the prime factors of f?
3, 5, 11
Suppose 3570 = b + m, 4*m + 14130 = 5*b - 3720. What are the prime factors of b?
2, 3, 5, 7, 17
Let d(l) = -42*l - 2. Let k be d(-4). Suppose -u - 2*u - k = -2*y, y - 83 = -5*u. What are the prime factors of y?
83
Let f(h) = h**2 + h - 7. Let m be f(3). Suppose 0 = m*s + 280 - 945. List the prime factors of s.
7, 19
Suppose f + 2 = -8. Let t be -2*(-3)/(-4)*f. Suppose -4*h - w + t = -9, 5*w = h - 6. What are the prime factors of h?
2, 3
List the prime factors of 1230/(-4)*(-7 - -5).
3, 5, 41
Let r be (-1)/2*(0 - 4)*44. List the prime factors of r/(-5)*(-90)/36.
2, 11
Let w = 317 - 190. Let h = 200 - w. List the prime factors of h.
73
Let w(q) = -5*q**2 - 31. Let t be w(6). Suppose 0*o - 4*o = 5*u + 555, 5*u - 605 = 4*o. Let p = o - t. List the prime factors of p.
2, 3, 11
Let q(t) = 19*t**2 - 16*t + 3. List the prime factors of q(8).
1091
Let k = 65 - 65. Let r be (39/(-12))/((-2)/8). Let d = k + r. List the prime factors of d.
13
Let m = 0 - 0. Suppose m = -2*k - k + 318. What are the prime factors of k?
2, 53
Let x(f) = -f**3 - 8*f**2 - 6*f + 10. Let k be x(-7). Suppose -17 = k*y + 4. Let i = 20 - y. What are the prime factors of i?
3
Let l(v) = v**3 - 5*v**2 + 3*v - 4. Let b(a) = 3*a**3 - 14*a**2 + 8*a - 12. Let k(w) = 2*b(w) - 7*l(w). List the prime factors of k(5).
29
What are the prime factors of (-45)/(-9)*(-2808)/(-15)?
2, 3, 13
Let a(c) = -c**2 + 3. Let i be a(0). Suppose 0*k - 332 = -5*k + 2*n, i*n + 260 = 4*k. List the prime factors of k.
2, 17
Suppose 2 - 14 = -y. Let s = -12 + y. Suppose -3*m + 18 = 2*c, -2*m + 3*m - 3*c + 5 = s. What are the prime factors of m?
2
Let y(d) = 3*d**3 - d**2 - 6*d + 6. Let l(o) = -o**3 + o**2 + o - 1. Let j(g) = 2*l(g) + y(g). List the prime factors of j(3).
2, 7
List the prime factors of 14/42*(-99)/3*-3.
3, 11
Let y(g) be the third derivative of -g**4/6 + 5*g**3/2 - 11*g**2. What are the prime factors of y(-15)?
3, 5
Suppose -3*f + f = 0. Let b = 28 - 23. Suppose -b*z + 240 = -f*z. What are the prime factors of z?
2, 3
Let j(c) = 114*c - 3. Let o be j(2). Suppose 0 = -t + h + 56, -5*t - 5*h + 55 = -o. What are the prime factors of t?
2, 7
Suppose 0 = 5*g - 4*f - 80, -5*g - 5*f + 2*f + 80 = 0. Suppose 0 = -2*r - g + 6. List the prime factors of 3/2*(r - -19).
3, 7
Suppose -4*g + o = -29, -3*g + 43 = -6*o + o. Let u(j) = -j + 6 - g + 8 + 13. List the prime factors of u(7).
2, 7
Suppose 0 = -10*f + 4*f - 264. Let x = -16 - 4. Let m = x - f. What are the prime factors of m?
2, 3
Let d be -1*24*(-172)/8. Suppose 5*y = d + 964. List the prime factors of y.
2, 37
What are the prime factors of (-45285)/(-105) - (-4)/(-14)?
431
Suppose 25*s - 23460 = 15*s. List the prime factors of s.
2, 3, 17, 23
Suppose -4*i + i + 330 = 0. Let u = i + -61. What are the prime factors of u?
7
List the prime factors of 3*3/(-